-4*a + 9*a + 8 = -i. Let u be a*(1 - 1)/((-14)/(-7)). Suppose u = -3*k + 5*k - 4078. Is k composite?
False
Let r(f) = f**3 + 15*f**2 + 12*f - 271. Is r(14) composite?
False
Let y be -6 - (-1 - (7 - 2)). Suppose -3*r + 43928 = 2*j, y = 2*j + j - 5*r - 65873. Is j a prime number?
True
Let v(p) = -7315*p - 21. Is v(-2) a prime number?
False
Let g(v) = 9*v**3 + 2*v**2 - v. Let k = -19 + 20. Let c be g(k). Let x(i) = 2*i**2 + 7*i - 11. Is x(c) composite?
True
Let w(c) = 5*c + 135. Let b be w(-28). Let r(f) be the third derivative of 14*f**5/15 + f**4/6 + f**3/6 - 4*f**2. Is r(b) composite?
False
Suppose 0 = 311*m - 236*m - 38333775. Is m a composite number?
True
Let p(i) = -4*i + 4. Let m(b) = -b + 16. Let u be m(15). Let v be p(u). Suppose v = -4*h + 3*g + 5425, h + 5*g - 418 = 921. Is h a composite number?
True
Let u be 244/(-10)*(-1 - (-488 - -2)). Let j = u - -20737. Is j a composite number?
True
Let z = 63 + -67. Let o(q) = -3*q - 7. Let h be o(z). Let g(y) = 12*y + 9. Is g(h) a composite number?
True
Suppose 466766 + 630011 = 11*g. Is g a prime number?
True
Suppose 3*n = 254*v - 255*v + 71666, 0 = -4*n - v + 95555. Is n a prime number?
False
Suppose 436*d - 437*d + 1819243 = -2*y, -4*y - 8 = 0. Is d composite?
True
Let o(g) = 666*g + 23. Let p be (60/(-105))/(4/(-56)). Is o(p) a prime number?
True
Is ((-1621009)/26)/((-2)/(-4))*-1 a prime number?
True
Let s(r) be the first derivative of 59*r**3/3 - 13*r**2/2 + 7*r - 107. Is s(6) a prime number?
True
Suppose -5*r - c - 4 + 19 = 0, 3*r - 9 = -c. Suppose 0 = -4*v - 7 + 19. Is -3 + 302/r*v/1 a composite number?
True
Suppose 9*b = -3*f + 193293, -4*f + 257764 = -b + 3*b. Is f a prime number?
False
Let l(n) = 1714*n - 305. Is l(13) a prime number?
True
Is 11/((-1668110)/139010 + 12) a prime number?
False
Let c(b) = 38 + b**3 - 20*b - 7*b + 21*b**2 + 18. Is c(-19) a composite number?
False
Let u(k) = -k**2 + k - 15. Let x = 23 - 23. Let p be u(x). Is -669*(-2 + p/(-9)) a prime number?
True
Let o be (-12227)/(-4)*(3 + 17). Let v = o + -36938. Is v prime?
True
Suppose -15*j = -4*j + 36*j. Suppose -2*i - 14*g + 6132 = -16*g, j = 5*i - g - 15334. Is i a composite number?
False
Suppose -2*d + 548 = -1340. Suppose d = 3*c - 4*w, 0*c - 5*w = -2*c + 627. Suppose c = 3*a - 1037. Is a a prime number?
False
Let k be (5 - (2 + 0))*20/12. Let x(t) = t**3 + 2*t**2 - 4*t + 4. Let p be x(k). Let l = 876 - p. Is l a composite number?
True
Suppose -3*a + 3000 + 159 = 0. Suppose a*o - 3622 = 1051*o. Is o a composite number?
False
Suppose 0 = 5*r + 7*f - 3*f - 246513, 4*r = -16*f + 197236. Is r a prime number?
False
Let o(r) = -r - 13. Let l be o(-15). Suppose a + 3*j - 16 = 4, 30 = 4*a + l*j. Is -2 + a + (291 - -7) a composite number?
True
Let m = -486201 - -863198. Is m a composite number?
True
Suppose -20012435 = -329*d - 4342494. Is d composite?
False
Let g(v) = -4*v - 15. Let n be g(-10). Suppose n = 8*s - 15. Is (12438/24 - s)*1*4 a prime number?
True
Let y(f) = f. Let j(d) = d**2 - 4. Let g(m) = -j(m) - 3*y(m). Let r be g(-4). Suppose r = 2*p - 6*p + 13972. Is p composite?
True
Suppose 8 + 8 = -8*c. Let k be (c/(-4))/(2/2068). Let u = k - 95. Is u composite?
True
Let y = -34 - -50. Suppose -18*x - 64 = -y*x. Let b = 161 + x. Is b a composite number?
True
Suppose 5*s - 90 = y, -5*s - 3*y = -y - 75. Let t = 10 - s. Is 1 + 0 - t/((-35)/(-1005)) a composite number?
True
Let j = 272342 - 104643. Is j a prime number?
False
Let q(g) = g**2 - g - 3. Let p be q(-2). Let r be p*(1 + 24/(-9)). Is (r/3)/(1/(-183)) a prime number?
False
Let t(i) = 2400*i**2 - 3*i - 34. Let k be t(-5). Suppose 6*u + 7235 = k. Is u a prime number?
False
Suppose -2*x = -5*y - 33, 4*y + 0*y + 32 = 3*x. Suppose 4*i + 11*u = 16*u + 55353, -i - x*u + 13833 = 0. Is i a prime number?
False
Let q = -320106 + 1009448. Is q a prime number?
False
Let p = -43 + 15. Let o = p - -34. Is -331*((-2)/o - (-4)/(-6)) a prime number?
True
Suppose 9 = -2*q + 21. Let b(z) be the third derivative of z**6/120 - z**5/15 - z**4/4 + 5*z**3/3 + 116*z**2. Is b(q) a prime number?
False
Let l(g) = -g**3 + 12*g**2 - 12*g + 15. Suppose 0 = -8*i + 3*i + 55. Let a be l(i). Suppose 0 = -2*b - a*b + 2514. Is b prime?
True
Let k be 2856 - (9 - (-4)/(-1)). Suppose -k = 6*g + 791. Let v = -188 - g. Is v a prime number?
True
Suppose 25840 - 115290 = 10*l. Let d = l - -15234. Is d composite?
True
Suppose 0 = -5*q - 4*o + 825551, -30*q = -28*q - 3*o - 330248. Is q a prime number?
False
Let y = -262 + 262. Let q(z) = 27*z**3 + z**2 - z + 2. Let p be q(2). Suppose 2*j - p - 138 = y. Is j composite?
False
Suppose 4*p + 8 - 40 = 0. Suppose -24 = 2*h - p*h. Suppose 6*k - h*k = 134. Is k prime?
True
Suppose -8*y - 50025 = 13319. Let x = -5411 - y. Is x prime?
False
Suppose 183 = 4*n + 5*c, -c = -4*n - 3*c + 174. Suppose 0*w - s - 28 = -2*w, n = 3*w - 2*s. Is (-24)/42 + 12706/w composite?
False
Suppose 6852242 + 2361384 = 106*f. Is f prime?
False
Let v(c) = -c**2 - 4*c + 2. Let b = -32 + 28. Let t be v(b). Is ((t - 1)/1)/(4/268) a prime number?
True
Let g = 814 - 814. Suppose z - n - 12356 = g, -1218 = 3*z - 2*n - 38289. Is z a prime number?
False
Suppose -5*x + 4*v - 28 = -163, 0 = 5*x + v - 110. Let s(t) be the second derivative of t**5/20 - 11*t**4/6 - 19*t**2 + 7*t. Is s(x) prime?
True
Suppose 2*k - 5*u - 6 - 66 = 0, -5*u = 0. Let b = k + -33. Suppose -1902 = -b*w - 3*w. Is w a prime number?
True
Let k be (36/(-45))/((-19012)/19020 - -1). Let b = 1859 - k. Is b a prime number?
True
Let k be (-1*1 + -2 - 0)*(-2462 + 2461). Let g be (-8)/(-28) - (-28934)/14. Suppose 6*a = k*a + g. Is a composite?
True
Let v be (0 - 78/(-18))/((-1)/18). Let l = v + 77. Is ((-6)/(6/163))/l prime?
True
Let n(g) = 128*g**3 + 8*g**2 + 8*g - 59. Is n(7) prime?
True
Let q(n) = 15*n**3 + n + 2. Let k be q(-1). Let a(s) = 2*s**2 + 29*s + 12. Let z be a(k). Is -5 + (0 - z - -36) a composite number?
True
Suppose 10 = -4*c + 6*c. Suppose -m + 178 = -3*s - 331, -c*m + 3*s = -2569. Is m prime?
False
Let j(m) = 349*m - 2. Suppose 2*c - 39 = -c. Is j(c) prime?
False
Let g(x) = 965*x - 421. Is g(24) composite?
False
Let x(m) = -m**3 + 4*m**2 - 3*m + 2. Let z be x(3). Let s be 0*(-3)/6 + z. Suppose 2390 = 4*b - s*q + 738, -5*q + 435 = b. Is b a composite number?
True
Let j(w) = 3*w - 45. Let f be j(-24). Let a = 103 + f. Is (-7)/(a/6) + 791 a composite number?
True
Let b = -45 - -50. Suppose -20 = -2*z - b*t + 23, -z - 1 = -2*t. Suppose z*u = -2997 + 15210. Is u prime?
False
Let h(x) = 219*x**3 - 3*x**2 + 21*x + 2. Is h(11) a prime number?
True
Let u(b) = 6*b**2 + 13*b - 40. Let j(n) = n**2 - 5*n - 17. Let s be j(-6). Let r = -70 + s. Is u(r) composite?
False
Suppose 652296 = 174*g - 150*g. Is g a composite number?
False
Suppose -2*s = a, -s = 4 - 2. Suppose 3*b + a*g = -g + 25370, -2*b = -g - 16935. Is b a composite number?
True
Let d = 74 + -56. Suppose 0 = -16*v + 22*v + d. Is (v/(-3))/(1196/1192 - 1) prime?
False
Let c = -3358 - -11074. Suppose 4*k = c + 5588. Is k composite?
True
Suppose 950824 = 1158*b - 1130*b. Is b composite?
True
Suppose -3*r + 748507 - 145028 = -891442. Is r a composite number?
True
Let a = -4760 + 3156. Let g = -765 - a. Is g a prime number?
True
Let i(t) = 1404293*t**2 - 284*t - 282. Is i(-1) a composite number?
True
Suppose l + 22 = 45. Suppose -30084 = l*f - 145222. Is f prime?
False
Let v(y) = y**3 + 11*y**2 - 25*y - 2. Let q be v(-13). Is ((-277326)/10)/(-7) - (-12)/q prime?
False
Suppose -3*a = 6 - 54. Let x = -12 + a. Suppose -780 = -x*g + 4*o, 4*o + 199 - 947 = -4*g. Is g a composite number?
False
Let p be 22/(-55) - 337/(-5). Let n = p - 64. Is 16/12 + -2 - (-365)/n a composite number?
True
Suppose -13*a = -4*a - 7182. Suppose -7*x + 11249 = -a. Is x composite?
False
Suppose -2*s = 3*j - 15, 5*s - 2*s = -4*j + 22. Suppose s*x - 9381 = 5745. Is x prime?
True
Let f(k) = 7*k**2 + 20*k + 2. Let q be (-2)/((-12)/(-126)) + 4. Is f(q) prime?
False
Let x be 28/49 + 8/(-14). Let c(m) = 4 + x*m + 2*m - 9*m**2 + m + 49*m**2. Is c(3) composite?
False
Let k(q) = q**2 - 2*q - 7. Let g be k(-2). Is g*3*(-25318)/(-6) prime?
True
Let c = 18 - 19. Let p be 4/(-10) - c/((-20)/(-88)). Suppose -5*o = -4*k - 3819, 4*o + 0*k - p*k - 3056 = 0. Is o composite?
True
Let b(v) = 142*v**2 + 37*v - 716. Is b(-31)